0*z + 14 + z + z**3 + 6*z. Let q be u(-4). Suppose 70 = q*c - g, 3*c + 2*g - 4*g = 105. What is the units digit of c?
5
Suppose -3*z - 138 = -30. Let c = 56 + z. What is the tens digit of c?
2
Let q(u) = 4*u**3 - 2*u**2 + u - 2. Let b be q(4). Suppose -3*n = -v - b - 100, -25 = 5*v. What is the units digit of n?
7
Let z(r) = 301*r**3 - r**2 - 6*r**2 - 305*r**3 - 9*r - 14. What is the units digit of z(-4)?
6
Let m = 458 - 138. What is the units digit of m?
0
What is the units digit of (-14940)/(-12) - -1*(0 - -3)?
8
Let y(n) = 25*n - 61. What is the tens digit of y(13)?
6
Let f = 210 - 92. Let x = f - 80. Suppose -2*k + 4 = 0, -2*l + 4*l = -k + x. What is the units digit of l?
8
Let q = 536 + -228. Suppose -2*i - q = -5*w, w + w = -5*i + 100. What is the units digit of w?
0
What is the hundreds digit of (-3766035)/(-1495) + (-4)/46?
5
Suppose 77*p - 72*p - 1560 = 0. What is the tens digit of p?
1
Let t = -32 + 36. Suppose 4*y = -t + 24. Suppose -5*f + 1 - 26 = -y*x, -3*x - f = -3. What is the units digit of x?
2
Suppose -4*x + 21 = 5*p - x, 2*p = -4*x. What is the units digit of (28/p)/(4/(60 + 0))?
0
Suppose 3*w + 507 = 3192. What is the tens digit of w?
9
Suppose 0 = -2*j - 0*j + 4. Suppose 3*c - j*c - 79 = 0. What is the units digit of c?
9
Let x be -1*338*(-5)/10. Suppose 3 = f, x = 2*h - 2*f + 23. What is the tens digit of h?
7
Let k = -229 - -339. Suppose k = 2*a - 98. What is the tens digit of a?
0
Let h be (2 - 2)/(4 + -3). Suppose -5*r + 96 + 119 = h. Suppose -r - 49 = -4*u. What is the tens digit of u?
2
Suppose y + 3*w = -w - 6, 0 = y + 3*w + 4. Suppose -3*x + y*q - 64 - 46 = 0, 0 = -4*x + q - 140. Let t = -7 - x. What is the tens digit of t?
2
Let j be -4*517 + 0 - 1. Let p = j - -949. What is the tens digit of p/(-18) - 4/18?
6
Suppose -19882 = -15*j - 3337. What is the tens digit of j?
0
Suppose -5*l - 10*t = -9*t - 24, -3*l + 20 = 2*t. What is the units digit of l?
4
Suppose 14542 = 8*z - 4946. What is the tens digit of z?
3
Let k(c) = -5*c**3 + 4*c**2 + 16*c + 128. What is the tens digit of k(-7)?
2
Let c(a) = a**3 + 6*a**2 + 5*a + 5. Let u be c(-5). Suppose -3 = -p - 2*f + u, 4*p - 59 = f. What is the tens digit of p?
1
Let v(g) = -g. Let b be v(-3). Let q = -250 + 673. What is the tens digit of q/27 - 2/b?
1
Let i(c) = -c**2 + 27*c + 50. What is the hundreds digit of i(22)?
1
Suppose 0 = -2*o + 2. Let d = 4 - o. Suppose -3 = -5*w + 3*s + 18, -d*w + 3 = -5*s. What is the units digit of w?
6
What is the units digit of 371 - (-5 - 5/(-1))?
1
Suppose 0 = -n - 3*n + 11376. Suppose j + 11*j - n = 0. What is the hundreds digit of j?
2
Let l = -89 - -6. Let k = l + 184. What is the tens digit of k?
0
Let q(h) = h**3 + 28*h**2 + 17*h - 43. Let x be q(-27). Let j = x - -42. What is the hundreds digit of j?
2
What is the thousands digit of -2 + 0 - -3955 - (44 + -44)?
3
Let i be (-2)/(-3)*6/(-4). What is the units digit of 12/4 + (-87)/i?
0
Suppose x - 53 - 21 = 0. Suppose 3*m - x = -5*n, 0*m - n = 3*m - 58. What is the tens digit of m?
1
Let y = 19 - 17. Let i be ((-4)/(-6))/(y/3). Suppose -2*r + 35 - i = 0. What is the tens digit of r?
1
Let p(o) = -4*o + 59. Let c be p(14). What is the tens digit of (10 + -5)/(c/(-27)*-3)?
1
Suppose -m - 3*m + 32 = 0. Let l = m - 4. Suppose 3*v - l*v = -4. What is the units digit of v?
4
Let l = 169 + -73. Suppose 2*i + 3*j - l = 0, 18 = i - 3*j - 48. What is the tens digit of i?
5
Let f = -608 + 781. What is the tens digit of f?
7
Let i(y) = y**3 - 7*y**2 - y + 9. Let w be i(7). Let v(a) = 5 + w*a**2 - 2*a**2 - 6 + 3*a**2. What is the units digit of v(1)?
2
Let c = -355 + 932. What is the hundreds digit of c?
5
Suppose a = 5*a - 4*z - 252, -3*z = 3*a - 159. Let o = 99 - a. What is the tens digit of o?
4
Let s = -13 - 6. Let l = 11 + s. Let o = l - -43. What is the tens digit of o?
3
Let m be (-2548)/10 + 10/(-50). Let w = m - -429. What is the tens digit of w?
7
Suppose 2*r + 1 = 3*r - 2*c, -5*r + 3*c = 2. Let s = 1 - r. Suppose -3*v - s*v = -20. What is the units digit of v?
4
Let h(z) = -z + 115. What is the hundreds digit of h(-8)?
1
Suppose 409*c - 433*c = -86160. What is the units digit of c?
0
Let x be ((-2)/(-5))/(8/120). Let o(z) = -z**2 + 5*z + 8. Let v be o(x). Suppose v*t - 6 = t. What is the units digit of t?
6
Suppose 24*o - 193 - 383 = 0. What is the units digit of o?
4
Suppose 36008 = 18*t + 9692. What is the hundreds digit of t?
4
Let i be (1/(-2))/(7/(-14)). Suppose 5*g = -3*n - 22 + 59, 0 = -g - i. What is the units digit of 47/7 - n/(-49)?
7
Suppose 12*q - 1101 = 1299. What is the hundreds digit of q?
2
Suppose s + 4*q = 11, 0*q - 6 = 3*q. Let b = 49 - s. What is the units digit of b?
0
Suppose 16 = o + 3*p - 12, 82 = 4*o - 3*p. Suppose -d = o - 27. Suppose 2*r + 2 - 4 = 0, 0 = -d*n - 3*r + 203. What is the units digit of n?
0
Let v(l) = 2*l**2 - 8*l - 3. Let p = -4 + -1. Let b be v(p). Suppose -4*y = -3*a - 99, 3*y = a - 3*a + b. What is the units digit of y?
7
Suppose -168 = 10*a - 8*a. Let y = -24 - a. What is the tens digit of y?
6
Let t be 42462/108 - 1/6. Suppose -933 = -6*l + t. What is the units digit of l?
1
Suppose -369*n = -370*n + 176. What is the units digit of n?
6
Suppose -5*b = 5*r - 9415, 2*r + 12078 = 5*b + 2698. What is the tens digit of b?
7
Suppose w = c - 13, -w - 25 - 10 = -3*c. Let j be c + (0 + -2 - -1). Let s = 16 - j. What is the units digit of s?
6
Suppose -5*x - 2*b + 138 = -0*b, 3*b = -3*x + 81. Let y = 2 + 2. What is the units digit of (3 - x/y)*-3?
2
What is the tens digit of (-46 + -15)/(-1*3/3)?
6
Let b(j) = 7*j + 1. Let a be b(1). Let k be ((-1)/2)/(2/a). Let s = k + 30. What is the units digit of s?
8
What is the units digit of -1 - 15/(-18) - (-29871)/54?
3
Suppose 2*v - 2*x = 2478 + 418, -5783 = -4*v - 5*x. What is the thousands digit of v?
1
Suppose 8*x - 5*x = 246. Suppose -3*w + 14 + x = 4*z, 32 = w - 3*z. What is the tens digit of w?
3
Let h = 34 + -21. Let p = -12 + 9. Let z = h + p. What is the units digit of z?
0
Let s(l) be the first derivative of 47*l**2 - l + 9. Let y be s(1). Let z = y - 46. What is the tens digit of z?
4
Let t = -154 - -507. What is the tens digit of t?
5
Let w = 7924 + -4334. What is the tens digit of w?
9
Let l(f) = -f**3 + 9*f**2 + 10*f + 5. Let a be 2*5/3*3. Let t be l(a). What is the tens digit of (0 + -4 + t)*31?
3
Let g(b) = 4*b**2 + 8*b + 11. Let d be g(-6). Suppose -3*y = x - 65, 0 = -5*y + 3*x - 4*x + d. What is the tens digit of y?
2
Let j(p) = 5*p - 6. What is the tens digit of j(18)?
8
Let c be (-5)/(1 + (-3 - -1)). Suppose 5*u + c*b = 0, -5*u - b - 1 = 3. Let f = u - -11. What is the tens digit of f?
1
Suppose 373 = 7*d - 6*d. Suppose -5*g + d = -247. What is the hundreds digit of g?
1
Suppose -3*q - 12 = -3*o, -5*o - 5*q = -0*o + 10. Suppose o = 2*j - 81. What is the tens digit of j?
4
Let z(w) = -w**3 + 2*w**2 + w. Let h be z(2). Suppose 0*v = -2*v + 6. Suppose 22 = -h*t + v*t. What is the tens digit of t?
2
Let j = -4018 - -6613. What is the units digit of j?
5
Suppose -13*u + 11*u = 10. Let c(x) = x**3 + 4*x**2 - 3*x + 3. Let p be c(u). Let i = p - -35. What is the tens digit of i?
2
Suppose -5474 = -4*p - 3*z, 9664 = 5*p - 4*z + 2837. What is the tens digit of p?
6
Suppose 200*j + 8150 = 205*j. What is the tens digit of j?
3
Let a(d) = 5*d - 11. Suppose -4*g = -3*g - 5*r - 16, 0 = 3*g + 5*r - 68. Suppose -g*p = -20*p - 9. What is the units digit of a(p)?
4
Suppose -33*u + 78*u = 39465. What is the tens digit of u?
7
Suppose -o = -5*p + 128, -491 = 3*o + o + p. What is the units digit of o/(-2) + (-21)/14?
0
Suppose -4*g = -16, -16 = 3*z + 2*z + g. What is the units digit of 294/(5 + -2) + z?
4
Let o(n) = 26*n**2 - 20*n + 7. What is the units digit of o(-3)?
1
Let b be -1*4 + 212 + 18. Suppose -2*g + 214 = 2*x - 0*g, -2*x - 5*g + b = 0. What is the units digit of x?
3
Suppose -2*w - 5 = 3*x + 8, -4*w - 47 = -x. Let p(h) = 146*h + 10. Let f(a) = 29*a + 2. Let v(b) = w*f(b) + 2*p(b). What is the tens digit of v(-2)?
5
Suppose 1998*g = 1988*g + 12840. What is the units digit of g?
4
Suppose -18*r - r + 2945 = 0. Suppose 0 = -m - 2*f + r, 3*f - 218 = -2*m + 87. What is the tens digit of m?
4
Suppose -2*b + 12 - 4 = 0. Suppose 5*f = 3*z + 170, 0*f + 2*f - 94 = -b*z. What is the units digit of f?
7
